{"id":1332,"date":"2023-05-26T18:12:13","date_gmt":"2023-05-26T16:12:13","guid":{"rendered":"https:\/\/onlineshop.greenforest-it.de\/?post_type=product&#038;p=1332"},"modified":"2023-11-20T12:28:55","modified_gmt":"2023-11-20T11:28:55","slug":"rfid-thermotransfer-etiketten-100-x-50mm-thermotransfer-200-stk-rolle","status":"publish","type":"product","link":"https:\/\/onlineshop.greenforest-it.de\/?product=rfid-thermotransfer-etiketten-100-x-50mm-thermotransfer-200-stk-rolle","title":{"rendered":"RFID Thermotransfer Etiketten 100 x 50mm Thermotransfer 200 Stk.\/Rolle"},"content":{"rendered":"<p>RFID-Klebeetiketten f\u00fcr die digitale Kennzeichnung und Verwaltung<\/p>\n<p>Die RFID-Klebeetiketten sind ideal f\u00fcr Unternehmen, die eine eindeutige Kennzeichnung und digitale Verwaltung von Betriebsmitteln, Rohstoffen und Fertigerzeugnissen ben\u00f6tigen. Jede Rolle enth\u00e4lt 200 Thermotransfer-Etiketten mit einem Format von 100 x 50 mm. Die Etiketten haben einen 25 mm Kern- und einen 127 mm Rollendurchmesser. Mit einer Bahnbreite von 100 mm und einem Etikettenabstand von 3,23 mm gew\u00e4hrleisten sie pr\u00e4zise und zuverl\u00e4ssige RFID-Funktionen. Die Etiketten sind in strahlendem Wei\u00df gehalten und der 3M-Klebstoff sorgt f\u00fcr sicheren Halt. Optimieren Sie Ihre Betriebsabl\u00e4ufe mit diesen effizienten RFID-Klebeetiketten.<\/p>\n<p>Produktdetails:<\/p>\n<ul>\n<li>RFID Thermotransfer Etiketten f\u00fcr Desktop Drucker 200 Stk.\/Rolle<\/li>\n<li>Format 100 x 50mm<\/li>\n<li>Kerndurchmesser: 25 mm<\/li>\n<li>Rollendurchmesser: 127 mm<\/li>\n<li>Bahnbreite: 100 mm<\/li>\n<li>Etiketten Abstand: 3,23 mm<\/li>\n<li>RFID-Transponder-Tag: Alien H9<\/li>\n<li>Klebstoff: 3M (sehr stark klebend!)<\/li>\n<li>Farbe: wei\u00df<\/li>\n<\/ul>\n","protected":false},"excerpt":{"rendered":"<p>RFID Thermotransfer Etiketten f\u00fcr Desktop Drucker 200 Stk.\/Rolle<br \/>\nFormat 100 x 50mm<br \/>\nKerndurchmesser: 25 mm<br \/>\nRollendurchmesser: 127 mm<br \/>\nBahnbreite: 100 mm<br \/>\nEtiketten Abstand: 3,23 mm<br \/>\nRFID-Transponder-Tag: Alien H9<br \/>\nKlebstoff: 3M ( stark klebend)<br \/>\nFarbe: wei\u00df<\/p>\n<p>Abstand untereinander 3,222 mm<br \/>\nEckenradius 2 mm<br \/>\nFarbe: wei\u00df, gl<br \/>\nKlebstoff super-permanent gummiert<br \/>\n1-bahnig au\u00dfen , max. ADM:200mm<br \/>\nQuerperforation: ohne<br \/>\nThermotransfer<\/p>\n","protected":false},"featured_media":470,"comment_status":"open","ping_status":"closed","template":"","meta":[],"product_cat":[23],"product_tag":[55,28,56,37,40,30],"jetpack_sharing_enabled":true,"_links":{"self":[{"href":"https:\/\/onlineshop.greenforest-it.de\/index.php?rest_route=\/wp\/v2\/product\/1332"}],"collection":[{"href":"https:\/\/onlineshop.greenforest-it.de\/index.php?rest_route=\/wp\/v2\/product"}],"about":[{"href":"https:\/\/onlineshop.greenforest-it.de\/index.php?rest_route=\/wp\/v2\/types\/product"}],"replies":[{"embeddable":true,"href":"https:\/\/onlineshop.greenforest-it.de\/index.php?rest_route=%2Fwp%2Fv2%2Fcomments&post=1332"}],"wp:featuredmedia":[{"embeddable":true,"href":"https:\/\/onlineshop.greenforest-it.de\/index.php?rest_route=\/wp\/v2\/media\/470"}],"wp:attachment":[{"href":"https:\/\/onlineshop.greenforest-it.de\/index.php?rest_route=%2Fwp%2Fv2%2Fmedia&parent=1332"}],"wp:term":[{"taxonomy":"product_cat","embeddable":true,"href":"https:\/\/onlineshop.greenforest-it.de\/index.php?rest_route=%2Fwp%2Fv2%2Fproduct_cat&post=1332"},{"taxonomy":"product_tag","embeddable":true,"href":"https:\/\/onlineshop.greenforest-it.de\/index.php?rest_route=%2Fwp%2Fv2%2Fproduct_tag&post=1332"}],"curies":[{"name":"wp","href":"https:\/\/api.w.org\/{rel}","templated":true}]}}