{"id":1838,"date":"2023-12-06T15:49:48","date_gmt":"2023-12-06T14:49:48","guid":{"rendered":"https:\/\/onlineshop.greenforest-it.de\/?post_type=product&#038;p=1838"},"modified":"2023-12-21T10:22:36","modified_gmt":"2023-12-21T09:22:36","slug":"schutzhuelle-fuer-jetstamp-1025","status":"publish","type":"product","link":"https:\/\/onlineshop.greenforest-it.de\/?product=schutzhuelle-fuer-jetstamp-1025","title":{"rendered":"jetStamp 1025 Schutzh\u00fclle"},"content":{"rendered":"<h1 class=\"product-title h2\">Schutzh\u00fclle f\u00fcr Reiner jetStamp 1025<\/h1>\n<p>Arbeiten in staubiger Umgebung verlangen nach\u00a0<strong>sch\u00fctzenden Ma\u00dfnahmen<\/strong>. REINER\u00ae hat deswegen eine Schutzh\u00fclle f\u00fcr den Inkjet-Drucker\u00a0<i class=\"jtstmp\">jetStamp\u00ae<\/i>\u00a01025 entwickelt. So kann das mobile Kennzeichnungsger\u00e4t\u00a0<strong>in nahezu allen Umgebungen<\/strong>\u00a0ohne Komfort- und Qualit\u00e4tsverlust\u00a0<strong>verwendet<\/strong>\u00a0werden.<\/p>\n<p>Die\u00a0<strong>gepolsterte Schutzh\u00fclle aus robustem Polyester<\/strong>\u00a0sch\u00fctzt das Kennzeichnungsger\u00e4t in staubigen, schmutzanf\u00e4lligen oder sto\u00dfanf\u00e4lligen Arbeitsumgebungen. Die H\u00fclle wird bei Bedarf\u00a0<strong>mit wenigen Handgriffen schnell und einfach \u00fcber den Ger\u00e4tekorpus gest\u00fclpt<\/strong>\u00a0und mittels Klettverschluss befestigt.<\/p>\n<p>Bei der Entwicklung der neuen Schutzh\u00fclle wurde auf den Erhalt aller Funktionen des\u00a0<i class=\"jtstmp\">jetStamp\u00ae<\/i>\u00a01025 geachtet.\u00a0<strong>Zwei integrierte Sichtfenster<\/strong>\u00a0sorgen f\u00fcr einen\u00a0<strong>uneingeschr\u00e4nkten Blick auf das Display<\/strong>\u00a0und den Druckbereich. Zudem ist die Schutzh\u00fclle so konzipiert, dass nur der Korpus umh\u00fcllt wird, der Griff allerdings frei bleibt. Damit ist das\u00a0<strong>Handling<\/strong>\u00a0mit angebrachter Schutzh\u00fclle weiterhin\u00a0<strong>komfortabel<\/strong>\u00a0und\u00a0<strong>ohne Einschr\u00e4nkungen<\/strong>.<\/p>\n<p>Trotz vollumf\u00e4nglichen Schutzes des Ger\u00e4ts bleiben die zahlreichen\u00a0<strong>Anschlussm\u00f6glichkeiten, wie Lade- oder USB-Buchse, frei zug\u00e4nglich<\/strong>. So muss die H\u00fclle nicht abgenommen werden, um den\u00a0<i class=\"jtstmp\">jetStamp\u00ae<\/i>\u00a01025 anzuschlie\u00dfen.<\/p>\n","protected":false},"excerpt":{"rendered":"<ul>\n<li>Ma\u00dfe: ca. 180x170x40 mm<\/li>\n<li>Schutz vor Sto\u00df, Staub und Schmutz aus Textil<\/li>\n<li>Sichtfenster f\u00fc Display &amp; Druckbereich<\/li>\n<\/ul>\n<h4 data-boedit=\"{'nodename':'dynintro~dyn_heading_1908~0~','idartikeldaten':'24374'}\"><\/h4>\n<h4 class=\"\" data-boedit=\"{'nodename':'dynintro~dyn_heading_1908~0~','idartikeldaten':'24374'}\"><\/h4>\n","protected":false},"featured_media":1849,"comment_status":"open","ping_status":"closed","template":"","meta":[],"product_cat":[162,100,158],"product_tag":[168,167,171,169,170],"jetpack_sharing_enabled":true,"_links":{"self":[{"href":"https:\/\/onlineshop.greenforest-it.de\/index.php?rest_route=\/wp\/v2\/product\/1838"}],"collection":[{"href":"https:\/\/onlineshop.greenforest-it.de\/index.php?rest_route=\/wp\/v2\/product"}],"about":[{"href":"https:\/\/onlineshop.greenforest-it.de\/index.php?rest_route=\/wp\/v2\/types\/product"}],"replies":[{"embeddable":true,"href":"https:\/\/onlineshop.greenforest-it.de\/index.php?rest_route=%2Fwp%2Fv2%2Fcomments&post=1838"}],"wp:featuredmedia":[{"embeddable":true,"href":"https:\/\/onlineshop.greenforest-it.de\/index.php?rest_route=\/wp\/v2\/media\/1849"}],"wp:attachment":[{"href":"https:\/\/onlineshop.greenforest-it.de\/index.php?rest_route=%2Fwp%2Fv2%2Fmedia&parent=1838"}],"wp:term":[{"taxonomy":"product_cat","embeddable":true,"href":"https:\/\/onlineshop.greenforest-it.de\/index.php?rest_route=%2Fwp%2Fv2%2Fproduct_cat&post=1838"},{"taxonomy":"product_tag","embeddable":true,"href":"https:\/\/onlineshop.greenforest-it.de\/index.php?rest_route=%2Fwp%2Fv2%2Fproduct_tag&post=1838"}],"curies":[{"name":"wp","href":"https:\/\/api.w.org\/{rel}","templated":true}]}}